{"id":2,"date":"2021-08-09T10:09:49","date_gmt":"2021-08-09T13:09:49","guid":{"rendered":"http:\/\/lugonburton.com.br\/blog\/?page_id=2"},"modified":"2021-08-09T11:51:01","modified_gmt":"2021-08-09T14:51:01","slug":"blog","status":"publish","type":"page","link":"https:\/\/lugonburton.com.br\/blog\/blog\/","title":{"rendered":"Blog"},"content":{"rendered":"<p>[vc_row][vc_column width=&#8221;1\/1&#8243;]<div class=\"blogslider_holder flexslider clearfix\" data-interval=\"4000\"><ul class=\"slides\"><li><div class=\"blogslider_post_holder\"><div class=\"blogslider_image_holder\"><img class=\"\" src=\"https:\/\/lugonburton.com.br\/blog\/wp-content\/uploads\/2022\/04\/Melhores-planos-de-saude-no-RJ-e-SP-1000x400.jpg\" width=\"1000\" height=\"400\" alt=\"Melhores planos de sa\u00fade no RJ e SP\" title=\"Melhores planos de sa\u00fade no RJ e SP\" \/><\/div><div class=\"blogslider_text_wrapper\"><div class=\"blogslider_text_outer\"><div class=\"blogslider_text_inner\"><div class=\"blogslider_text_inner2\"><div class=\"blogslider_meta\">12 de abril de 2022<\/div><h1 class=\"blogslider_title\" ><a href=\"https:\/\/lugonburton.com.br\/blog\/2022\/04\/12\/melhores-planos-de-saude-no-rj-e-sp\/\">Melhores planos de sa\u00fade no RJ e SP<\/a><\/h1><div class=\"blogslider_excerpt\"><p>A escolha do plano de sa\u00fade ideal \u00e9 importante e deve ser feita com cuidado e seguran\u00e7a. Dessa forma, muitas..<\/p><a href=\"https:\/\/lugonburton.com.br\/blog\/2022\/04\/12\/melhores-planos-de-saude-no-rj-e-sp\/\" class=\"button medium color-3\">read more<\/a><\/div><\/div><\/div><\/div><\/div><\/div><\/li><li><div class=\"blogslider_post_holder\"><div class=\"blogslider_image_holder\"><img class=\"\" src=\"https:\/\/lugonburton.com.br\/blog\/wp-content\/uploads\/2021\/10\/Seguro-de-vida_mitos-e-verdades.jpg\" width=\"648\" height=\"365\" alt=\"Seguro-de-vida_mitos-e-verdades\" title=\"Seguro-de-vida_mitos-e-verdades\" \/><\/div><div class=\"blogslider_text_wrapper\"><div class=\"blogslider_text_outer\"><div class=\"blogslider_text_inner\"><div class=\"blogslider_text_inner2\"><div class=\"blogslider_meta\">20 de outubro de 2021<\/div><h1 class=\"blogslider_title\" ><a href=\"https:\/\/lugonburton.com.br\/blog\/2021\/10\/20\/mitos-e-verdades-sobre-o-seguro-de-vida\/\">Mitos e verdades sobre o seguro de vida<\/a><\/h1><div class=\"blogslider_excerpt\"><p>O seguro de vida \u00e9 um dos tipos de seguros que existem em que mais se tem d\u00favidas, pensando nisso,..<\/p><a href=\"https:\/\/lugonburton.com.br\/blog\/2021\/10\/20\/mitos-e-verdades-sobre-o-seguro-de-vida\/\" class=\"button medium color-3\">read more<\/a><\/div><\/div><\/div><\/div><\/div><\/div><\/li><li><div class=\"blogslider_post_holder\"><div class=\"blogslider_image_holder\"><img class=\"\" src=\"\" width=\"\" height=\"\" alt=\"entenda se vale a pena contratar um seguro residencial\" title=\"seguro residencial vale a pena\" \/><\/div><div class=\"blogslider_text_wrapper\"><div class=\"blogslider_text_outer\"><div class=\"blogslider_text_inner\"><div class=\"blogslider_text_inner2\"><div class=\"blogslider_meta\">6 de setembro de 2021<\/div><h1 class=\"blogslider_title\" ><a href=\"https:\/\/lugonburton.com.br\/blog\/2021\/09\/06\/seguro-residencial-vale-a-pena\/\">Seguro Residencial, vale a pena?<\/a><\/h1><div class=\"blogslider_excerpt\"><p>Muitas pessoas est\u00e3o optando por contratar um seguro residencial devido \u00e0 crescente inseguran\u00e7a e aos perigos a que est\u00e3o expostas,..<\/p><a href=\"https:\/\/lugonburton.com.br\/blog\/2021\/09\/06\/seguro-residencial-vale-a-pena\/\" class=\"button medium color-3\">read more<\/a><\/div><\/div><\/div><\/div><\/div><\/div><\/li><\/ul><\/div><div class=\"blog-shortcode blog-page blog-medium\"><div class=\"blog-wrap\"><article id=\"post-39\" class=\"clearfix post-39 post type-post status-publish format-standard has-post-thumbnail hentry category-dicas category-vida-e-saude\">\r\n    \r\n        <div class=\"entry-image\">\r\n        <a href=\"https:\/\/lugonburton.com.br\/blog\/2022\/04\/12\/melhores-planos-de-saude-no-rj-e-sp\/\" title=\"Permalink to Melhores planos de sa\u00fade no RJ e SP\" rel=\"bookmark\">\r\n            <img width=\"600\" height=\"400\" src=\"https:\/\/lugonburton.com.br\/blog\/wp-content\/uploads\/2022\/04\/Melhores-planos-de-saude-no-RJ-e-SP-600x400.jpg\" class=\"attachment-portfolio size-portfolio wp-post-image\" alt=\"Melhores planos de sa\u00fade no RJ e SP\" decoding=\"async\" loading=\"lazy\" srcset=\"https:\/\/lugonburton.com.br\/blog\/wp-content\/uploads\/2022\/04\/Melhores-planos-de-saude-no-RJ-e-SP-600x400.jpg 600w, https:\/\/lugonburton.com.br\/blog\/wp-content\/uploads\/2022\/04\/Melhores-planos-de-saude-no-RJ-e-SP-300x200.jpg 300w, https:\/\/lugonburton.com.br\/blog\/wp-content\/uploads\/2022\/04\/Melhores-planos-de-saude-no-RJ-e-SP-768x512.jpg 768w, https:\/\/lugonburton.com.br\/blog\/wp-content\/uploads\/2022\/04\/Melhores-planos-de-saude-no-RJ-e-SP.jpg 1000w\" sizes=\"(max-width: 600px) 100vw, 600px\" \/>        <\/a>\r\n    <\/div>\r\n        \r\n    <div class=\"entry-wrap\">\r\n\r\n        <div class=\"entry-title\">\r\n        \t<h2><a href=\"https:\/\/lugonburton.com.br\/blog\/2022\/04\/12\/melhores-planos-de-saude-no-rj-e-sp\/\" title=\"Permalink to Melhores planos de sa\u00fade no RJ e SP\" rel=\"bookmark\">Melhores planos de sa\u00fade no RJ e SP<\/a><\/h2>\r\n        <\/div>\r\n\r\n        <div class=\"entry-content\">\r\n        \tA escolha do plano de sa\u00fade ideal \u00e9 importante e deve ser feita com cuidado e seguran\u00e7a. Dessa forma, muitas vezes isso se torna uma tarefa complexa, principalmente em grandes... <a class=\"read-more-link\" href=\"https:\/\/lugonburton.com.br\/blog\/2022\/04\/12\/melhores-planos-de-saude-no-rj-e-sp\/\">read more  &rarr;<\/a>        <\/div>\r\n\r\n        <div class=\"entry-meta\">\r\n            <ul>\r\n\t\t\r\n\t\t<li class=\"meta-date\">12 de abril de 2022<\/li>\r\n\t\t\t\t<li class=\"meta-author\"><a href=\"https:\/\/lugonburton.com.br\/blog\/author\/admin\/\" title=\"View all posts by admin\">admin<\/a><\/li>\r\n\t\t\t\t<li class=\"meta-comment\"><a href=\"https:\/\/lugonburton.com.br\/blog\/2022\/04\/12\/melhores-planos-de-saude-no-rj-e-sp\/#respond\" class=\"comments-link\" >No Comments<\/a><\/li>\t\t\t<li class=\"meta-category\"><a href=\"https:\/\/lugonburton.com.br\/blog\/category\/dicas\/\" rel=\"category tag\">Dicas<\/a>, <a href=\"https:\/\/lugonburton.com.br\/blog\/category\/vida-e-saude\/\" rel=\"category tag\">Vida e Sa\u00fade<\/a><\/li>\r\n\t\t<\/ul>\r\n        <\/div>\r\n\r\n    <\/div>\r\n\r\n<\/article><!-- #post -->\r\n\r\n<div class=\"clear\"><\/div><article id=\"post-35\" class=\"clearfix post-35 post type-post status-publish format-standard has-post-thumbnail hentry category-dicas category-vida-e-saude\">\r\n    \r\n        <div class=\"entry-image\">\r\n        <a href=\"https:\/\/lugonburton.com.br\/blog\/2021\/10\/20\/mitos-e-verdades-sobre-o-seguro-de-vida\/\" title=\"Permalink to Mitos e verdades sobre o seguro de vida\" rel=\"bookmark\">\r\n            <img width=\"600\" height=\"365\" src=\"https:\/\/lugonburton.com.br\/blog\/wp-content\/uploads\/2021\/10\/Seguro-de-vida_mitos-e-verdades-600x365.jpg\" class=\"attachment-portfolio size-portfolio wp-post-image\" alt=\"\" decoding=\"async\" loading=\"lazy\" \/>        <\/a>\r\n    <\/div>\r\n        \r\n    <div class=\"entry-wrap\">\r\n\r\n        <div class=\"entry-title\">\r\n        \t<h2><a href=\"https:\/\/lugonburton.com.br\/blog\/2021\/10\/20\/mitos-e-verdades-sobre-o-seguro-de-vida\/\" title=\"Permalink to Mitos e verdades sobre o seguro de vida\" rel=\"bookmark\">Mitos e verdades sobre o seguro de vida<\/a><\/h2>\r\n        <\/div>\r\n\r\n        <div class=\"entry-content\">\r\n        \tO seguro de vida \u00e9 um dos tipos de seguros que existem em que mais se tem d\u00favidas, pensando nisso, no post de hoje vamos falar sobre mitos e verdades... <a class=\"read-more-link\" href=\"https:\/\/lugonburton.com.br\/blog\/2021\/10\/20\/mitos-e-verdades-sobre-o-seguro-de-vida\/\">read more  &rarr;<\/a>        <\/div>\r\n\r\n        <div class=\"entry-meta\">\r\n            <ul>\r\n\t\t\r\n\t\t<li class=\"meta-date\">20 de outubro de 2021<\/li>\r\n\t\t\t\t<li class=\"meta-author\"><a href=\"https:\/\/lugonburton.com.br\/blog\/author\/admin\/\" title=\"View all posts by admin\">admin<\/a><\/li>\r\n\t\t\t\t<li class=\"meta-comment\"><a href=\"https:\/\/lugonburton.com.br\/blog\/2021\/10\/20\/mitos-e-verdades-sobre-o-seguro-de-vida\/#respond\" class=\"comments-link\" >No Comments<\/a><\/li>\t\t\t<li class=\"meta-category\"><a href=\"https:\/\/lugonburton.com.br\/blog\/category\/dicas\/\" rel=\"category tag\">Dicas<\/a>, <a href=\"https:\/\/lugonburton.com.br\/blog\/category\/vida-e-saude\/\" rel=\"category tag\">Vida e Sa\u00fade<\/a><\/li>\r\n\t\t<\/ul>\r\n        <\/div>\r\n\r\n    <\/div>\r\n\r\n<\/article><!-- #post -->\r\n\r\n<div class=\"clear\"><\/div><article id=\"post-30\" class=\"clearfix post-30 post type-post status-publish format-standard has-post-thumbnail hentry category-noticias category-residencial-e-lazer\">\r\n    \r\n        <div class=\"entry-image\">\r\n        <a href=\"https:\/\/lugonburton.com.br\/blog\/2021\/09\/06\/seguro-residencial-vale-a-pena\/\" title=\"Permalink to Seguro Residencial, vale a pena?\" rel=\"bookmark\">\r\n            <img width=\"600\" height=\"400\" src=\"https:\/\/lugonburton.com.br\/blog\/wp-content\/uploads\/2021\/09\/seguro-residencial-vale-a-pena-600x400.jpg\" class=\"attachment-portfolio size-portfolio wp-post-image\" alt=\"entenda se vale a pena contratar um seguro residencial\" decoding=\"async\" loading=\"lazy\" \/>        <\/a>\r\n    <\/div>\r\n        \r\n    <div class=\"entry-wrap\">\r\n\r\n        <div class=\"entry-title\">\r\n        \t<h2><a href=\"https:\/\/lugonburton.com.br\/blog\/2021\/09\/06\/seguro-residencial-vale-a-pena\/\" title=\"Permalink to Seguro Residencial, vale a pena?\" rel=\"bookmark\">Seguro Residencial, vale a pena?<\/a><\/h2>\r\n        <\/div>\r\n\r\n        <div class=\"entry-content\">\r\n        \tMuitas pessoas est\u00e3o optando por contratar um seguro residencial devido \u00e0 crescente inseguran\u00e7a e aos perigos a que est\u00e3o expostas, sobretudo com a populariza\u00e7\u00e3o do home office, que torna a... <a class=\"read-more-link\" href=\"https:\/\/lugonburton.com.br\/blog\/2021\/09\/06\/seguro-residencial-vale-a-pena\/\">read more  &rarr;<\/a>        <\/div>\r\n\r\n        <div class=\"entry-meta\">\r\n            <ul>\r\n\t\t\r\n\t\t<li class=\"meta-date\">6 de setembro de 2021<\/li>\r\n\t\t\t\t<li class=\"meta-author\"><a href=\"https:\/\/lugonburton.com.br\/blog\/author\/admin\/\" title=\"View all posts by admin\">admin<\/a><\/li>\r\n\t\t\t\t<li class=\"meta-comment\"><a href=\"https:\/\/lugonburton.com.br\/blog\/2021\/09\/06\/seguro-residencial-vale-a-pena\/#respond\" class=\"comments-link\" >No Comments<\/a><\/li>\t\t\t<li class=\"meta-category\"><a href=\"https:\/\/lugonburton.com.br\/blog\/category\/noticias\/\" rel=\"category tag\">Not\u00edcias<\/a>, <a href=\"https:\/\/lugonburton.com.br\/blog\/category\/residencial-e-lazer\/\" rel=\"category tag\">Residencial e Lazer<\/a><\/li>\r\n\t\t<\/ul>\r\n        <\/div>\r\n\r\n    <\/div>\r\n\r\n<\/article><!-- #post -->\r\n\r\n<div class=\"clear\"><\/div><\/div><\/div>[\/vc_column][\/vc_row]<\/p>\n","protected":false},"excerpt":{"rendered":"<p>[vc_row][vc_column width=&#8221;1\/1&#8243;][\/vc_column][\/vc_row]<\/p>\n","protected":false},"author":1,"featured_media":0,"parent":0,"menu_order":0,"comment_status":"closed","ping_status":"open","template":"page-blog.php","meta":[],"_links":{"self":[{"href":"https:\/\/lugonburton.com.br\/blog\/wp-json\/wp\/v2\/pages\/2"}],"collection":[{"href":"https:\/\/lugonburton.com.br\/blog\/wp-json\/wp\/v2\/pages"}],"about":[{"href":"https:\/\/lugonburton.com.br\/blog\/wp-json\/wp\/v2\/types\/page"}],"author":[{"embeddable":true,"href":"https:\/\/lugonburton.com.br\/blog\/wp-json\/wp\/v2\/users\/1"}],"replies":[{"embeddable":true,"href":"https:\/\/lugonburton.com.br\/blog\/wp-json\/wp\/v2\/comments?post=2"}],"version-history":[{"count":4,"href":"https:\/\/lugonburton.com.br\/blog\/wp-json\/wp\/v2\/pages\/2\/revisions"}],"predecessor-version":[{"id":28,"href":"https:\/\/lugonburton.com.br\/blog\/wp-json\/wp\/v2\/pages\/2\/revisions\/28"}],"wp:attachment":[{"href":"https:\/\/lugonburton.com.br\/blog\/wp-json\/wp\/v2\/media?parent=2"}],"curies":[{"name":"wp","href":"https:\/\/api.w.org\/{rel}","templated":true}]}}